 is the hundred thousands digit of 2821742?
8
What is the tens digit of 561856?
5
What is the tens digit of 244218?
1
What is the hundreds digit of 198906?
9
What is the hundreds digit of 2425370?
3
What is the units digit of 22465132?
2
What is the units digit of 265742?
2
What is the tens digit of 7052420?
2
What is the units digit of 920939?
9
What is the units digit of 27?
7
What is the hundreds digit of 439431?
4
What is the tens digit of 1519884?
8
What is the units digit of 81403?
3
What is the hundred thousands digit of 6123171?
1
What is the thousands digit of 34768?
4
What is the units digit of 1980673?
3
What is the tens digit of 3615632?
3
What is the thousands digit of 224917?
4
What is the ten thousands digit of 6521317?
2
What is the ten thousands digit of 436543?
3
What is the hundreds digit of 1291984?
9
What is the hundreds digit of 352145?
1
What is the hundreds digit of 212729?
7
What is the ten thousands digit of 3581154?
8
What is the tens digit of 9006?
0
What is the tens digit of 1498904?
0
What is the thousands digit of 145147?
5
What is the ten thousands digit of 429208?
2
What is the millions digit of 6375990?
6
What is the hundreds digit of 641367?
3
What is the tens digit of 117917?
1
What is the tens digit of 2489004?
0
What is the ten thousands digit of 303577?
0
What is the hundred thousands digit of 2119640?
1
What is the thousands digit of 1971?
1
What is the hundreds digit of 174087?
0
What is the thousands digit of 6755227?
5
What is the hundreds digit of 733266?
2
What is the tens digit of 2784950?
5
What is the ten millions digit of 20553772?
2
What is the units digit of 3971982?
2
What is the hundreds digit of 255211?
2
What is the thousands digit of 30976836?
6
What is the ten thousands digit of 230859?
3
What is the hundred thousands digit of 4310456?
3
What is the millions digit of 20587222?
0
What is the tens digit of 691204?
0
What is the millions digit of 18939432?
8
What is the ten thousands digit of 260665?
6
What is the hundreds digit of 482471?
4
What is the units digit of 4797956?
6
What is the units digit of 289107?
7
What is the hundreds digit of 467204?
2
What is the ten thousands digit of 39384?
3
What is the hundreds digit of 4206241?
2
What is the hundreds digit of 5218472?
4
What is the units digit of 478969?
9
What is the thousands digit of 3284491?
4
What is the hundreds digit of 268436?
4
What is the thousands digit of 1551842?
1
What is the millions digit of 1991085?
1
What is the millions digit of 7466348?
7
What is the hundreds digit of 9643874?
8
What is the tens digit of 550471?
7
What is the units digit of 221659?
9
What is the thousands digit of 2882945?
2
What is the tens digit of 4047275?
7
What is the ten thousands digit of 467134?
6
What is the hundreds digit of 199669?
6
What is the tens digit of 5990220?
2
What is the hundreds digit of 3623342?
3
What is the tens digit of 437715?
1
What is the millions digit of 2534597?
2
What is the ten thousands digit of 640208?
4
What is the hundred thousands digit of 3865468?
8
What is the hundreds digit of 82993?
9
What is the hundreds digit of 213773?
7
What is the tens digit of 28665?
6
What is the hundred thousands digit of 741818?
7
What is the thousands digit of 35837733?
7
What is the units digit of 472148?
8
What is the millions digit of 1697340?
1
What is the ten thousands digit of 313249?
1
What is the tens digit of 75664?
6
What is the hundreds digit of 3739205?
2
What is the hundreds digit of 10537095?
0
What is the thousands digit of 185232?
5
What is the tens digit of 256909?
0
What is the tens digit of 801023?
2
What is the units digit of 5314478?
8
What is the units digit of 3960027?
7
What is the thousands digit of 131415?
1
What is the millions digit of 3632036?
3
What is the units digit of 397803?
3
What is the units digit of 9229404?
4
What is the units digit of 128561?
1
What is the hundreds digit of 7527480?
4
What is the tens digit of 307847?
4
What is the units digit of 289926?
6
What is the ten thousands digit of 1081080?
8
What is the ten thousands digit of 488475?
8
What is the hundreds digit of 109543?
5
What is the ten thousands digit of 164979?
6
What is the hundreds digit of 8643007?
0
What is the thousands digit of 457204?
7
What is the ten thousands digit of 2823816?
2
What is the millions digit of 8790092?
8
What is the millions digit of 2115466?
2
What is the tens digit of 23530?
3
What is the tens digit of 13850311?
1
What is the thousands digit of 3791799?
1
What is the thousands digit of 4412026?
2
What is the hundreds digit of 455664?
6
What is the hundred thousands digit of 398010?
3
What is the tens digit of 2650561?
6
What is the hundred thousands digit of 1057051?
0
What is the thousands digit of 45116?
5
What is the hundreds digit of 1505831?
8
What is the hundreds digit of 2751874?
8
What is the tens digit of 55744?
4
What is the units digit of 23429664?
4
What is the hundreds digit of 2283909?
9
What is the tens digit of 1882176?
7
What is the units digit of 4612328?
8
What is the ten thousands digit of 229714?
2
What is the thousands digit of 366444?
6
What is the hundred thousands digit of 177246?
1
What is the hundred thousands digit of 225832?
2
What is the thousands digit of 101704?
1
What is the thousands digit of 177211?
7
What is the hundreds digit of 562431?
4
What is the tens digit of 25215724?
2
What is the units digit of 2148158?
8
What is the hundreds digit of 24436641?
6
What is the units digit of 291508?
8
What is the hundreds digit of 305635?
6
What is the hundred thousands digit of 420060?
4
What is the tens digit of 17933?
3
What is the hundred thousands digit of 4147911?
1
What is the tens digit of 1483943?
4
What is the units digit of 680194?
4
What is the ten thousands digit of 358922?
5
What is the units digit of 147856?
6
What is the thousands digit of 221222?
1
What is the millions digit of 24693424?
4
What is the thousands digit of 632537?
2
What is the tens digit of 3394111?
1
What is the units digit of 14437597?
7
What is the ten thousands digit of 605727?
0
What is the millions digit of 2521069?
2
What is the tens digit of 754504?
0
What is the thousands digit of 151573?
1
What is the hundred thousands digit of 1559190?
5
What is the tens digit of 2445671?
7
What is the units digit of 11052435?
5
What is the ten thousands digit of 411952?
1
What is the hundred thousands digit of 773131?
7
What is the hundred thousands digit of 120062?
1
What is the hundreds digit of 302403?
4
What is the tens digit of 448219?
1
What is the ten thousands digit of 569733?
6
What is the units digit of 4428711?
1
What is the ten thousands digit of 2813318?
1
What is the thousands digit of 14315855?
5
What is the thousands digit of 62609?
2
What is the hundreds digit of 104595?
5
What is the ten thousands digit of 1361640?
6
What is the ten thousands digit of 10797686?
9
What is the ten thousands digit of 828219?
2
What is the hundred thousands digit of 1912564?
9
What is the thousands digit of 7873923?
3
What is the ten thousands digit of 896070?
9
What is the units digit of 239244?
4
What is the tens digit of 6461318?
1
What is the hundreds digit of 1926128?
1
What is the hundreds digit of 469168?
1
What is the thousands digit of 6465318?
5
What is the ten thousands digit of 330632?
3
What is the ten thousands digit of 3765548?
6
What is the ten thousands digit of 661991?
6
What is the ten thousands digit of 26372077?
7
What is the hundred thousands digit of 594947?
5
What is the ten thousands digit of 2435896?
3
What is the tens digit of 7144251?
5
What is the millions digit of 1502859?
1
What is the hundred thousands digit of 3751521?
7
What is the thousands digit of 351202?
1
What is the thousands digit of 52490?
2
What is the tens digit of 1228898?
9
What is the hundred thousands digit of 198493?
1
What is the hundreds digit of 3122211?
2
What is the millions digit of 23853046?
3
What is the ten thousands digit of 183994?
8
What is the hundreds digit of 230061?
0
What is the hundred thousands digit of 3649165?
6
What is the hundreds digit of 889100?
1
What is the hundreds digit of 973089?
0
What is the thousands digit of 2090479?
0
What is the thousands digit of 586164?
6
